[INFO] fetching crate thot-cli 0.10.0-intermediate...
[INFO] checking thot-cli-0.10.0-intermediate against master#9610dfe5a9a731ced1ea4923ecbd0c57fe367898 for beta-170-4
[INFO] extracting crate thot-cli 0.10.0-intermediate into /workspace/builds/worker-7-tc1/source
[INFO] validating manifest of crates.io crate thot-cli 0.10.0-intermediate on toolchain 9610dfe5a9a731ced1ea4923ecbd0c57fe367898
[INFO] running `Command { std: CARGO_HOME="/workspace/cargo-home" RUSTUP_HOME="/workspace/rustup-home" "/workspace/cargo-home/bin/cargo" "+9610dfe5a9a731ced1ea4923ecbd0c57fe367898" "metadata" "--manifest-path" "Cargo.toml" "--no-deps", kill_on_drop: false }`
[INFO] started tweaking crates.io crate thot-cli 0.10.0-intermediate
[INFO] finished tweaking crates.io crate thot-cli 0.10.0-intermediate
[INFO] tweaked toml for crates.io crate thot-cli 0.10.0-intermediate written to /workspace/builds/worker-7-tc1/source/Cargo.toml
[INFO] crate crates.io crate thot-cli 0.10.0-intermediate already has a lockfile, it will not be regenerated
[INFO] running `Command { std: CARGO_HOME="/workspace/cargo-home" RUSTUP_HOME="/workspace/rustup-home" "/workspace/cargo-home/bin/cargo" "+9610dfe5a9a731ced1ea4923ecbd0c57fe367898" "fetch" "--manifest-path" "Cargo.toml", kill_on_drop: false }`
[INFO] [stderr]     Updating crates.io index
[INFO] [stderr]  Downloading crates ...
[INFO] [stderr]   Downloaded cluFlock v1.2.7
[INFO] [stderr]   Downloaded predicates-core v1.0.4
[INFO] [stderr]   Downloaded validator_types v0.14.0
[INFO] [stderr]   Downloaded validator v0.14.0
[INFO] [stderr]   Downloaded predicates-tree v1.0.6
[INFO] [stderr]   Downloaded predicates v2.1.2
[INFO] [stderr]   Downloaded thot-core v0.10.0-intermediate
[INFO] [stderr]   Downloaded settings_manager v0.0.2
[INFO] [stderr]   Downloaded thot-local v0.10.0-intermediate
[INFO] running `Command { std: "docker" "create" "-v" "/var/lib/crater-agent-workspace/builds/worker-7-tc1/target:/opt/rustwide/target:rw,Z" "-v" "/var/lib/crater-agent-workspace/builds/worker-7-tc1/source:/opt/rustwide/workdir:ro,Z" "-v" "/var/lib/crater-agent-workspace/cargo-home:/opt/rustwide/cargo-home:ro,Z" "-v" "/var/lib/crater-agent-workspace/rustup-home:/opt/rustwide/rustup-home:ro,Z" "-e" "SOURCE_DIR=/opt/rustwide/workdir" "-e" "CARGO_TARGET_DIR=/opt/rustwide/target" "-e" "CARGO_HOME=/opt/rustwide/cargo-home" "-e" "RUSTUP_HOME=/opt/rustwide/rustup-home" "-w" "/opt/rustwide/workdir" "-m" "1610612736" "--user" "0:0" "--network" "none" "ghcr.io/rust-lang/crates-build-env/linux@sha256:19e73879b68f455e41552ea35293514db52ea292d993f571636dbffedb77a1ee" "/opt/rustwide/cargo-home/bin/cargo" "+9610dfe5a9a731ced1ea4923ecbd0c57fe367898" "metadata" "--no-deps" "--format-version=1", kill_on_drop: false }`
[INFO] [stdout] 0ba246a18f7b9d24140923dc48ca2a8b0740bf2f05a9833a52d3be3bdcb0f822
[INFO] running `Command { std: "docker" "start" "-a" "0ba246a18f7b9d24140923dc48ca2a8b0740bf2f05a9833a52d3be3bdcb0f822", kill_on_drop: false }`
[INFO] running `Command { std: "docker" "inspect" "0ba246a18f7b9d24140923dc48ca2a8b0740bf2f05a9833a52d3be3bdcb0f822", kill_on_drop: false }`
[INFO] running `Command { std: "docker" "rm" "-f" "0ba246a18f7b9d24140923dc48ca2a8b0740bf2f05a9833a52d3be3bdcb0f822", kill_on_drop: false }`
[INFO] [stdout] 0ba246a18f7b9d24140923dc48ca2a8b0740bf2f05a9833a52d3be3bdcb0f822
[INFO] running `Command { std: "docker" "create" "-v" "/var/lib/crater-agent-workspace/builds/worker-7-tc1/target:/opt/rustwide/target:rw,Z" "-v" "/var/lib/crater-agent-workspace/builds/worker-7-tc1/source:/opt/rustwide/workdir:ro,Z" "-v" "/var/lib/crater-agent-workspace/cargo-home:/opt/rustwide/cargo-home:ro,Z" "-v" "/var/lib/crater-agent-workspace/rustup-home:/opt/rustwide/rustup-home:ro,Z" "-e" "SOURCE_DIR=/opt/rustwide/workdir" "-e" "CARGO_TARGET_DIR=/opt/rustwide/target" "-e" "CARGO_INCREMENTAL=0" "-e" "RUST_BACKTRACE=full" "-e" "RUSTFLAGS=--cap-lints=forbid" "-e" "RUSTDOCFLAGS=--cap-lints=forbid" "-e" "CARGO_HOME=/opt/rustwide/cargo-home" "-e" "RUSTUP_HOME=/opt/rustwide/rustup-home" "-w" "/opt/rustwide/workdir" "-m" "1610612736" "--user" "0:0" "--network" "none" "ghcr.io/rust-lang/crates-build-env/linux@sha256:19e73879b68f455e41552ea35293514db52ea292d993f571636dbffedb77a1ee" "/opt/rustwide/cargo-home/bin/cargo" "+9610dfe5a9a731ced1ea4923ecbd0c57fe367898" "check" "--frozen" "--all" "--all-targets" "--message-format=json", kill_on_drop: false }`
[INFO] [stdout] 2b351418dc1104bcc98c97498ef3268c6affed7fb0e95d7b6733d0a3861601e7
[INFO] running `Command { std: "docker" "start" "-a" "2b351418dc1104bcc98c97498ef3268c6affed7fb0e95d7b6733d0a3861601e7", kill_on_drop: false }`
[INFO] [stderr]    Compiling proc-macro2 v1.0.47
[INFO] [stderr]    Compiling libc v0.2.137
[INFO] [stderr]    Compiling syn v1.0.103
[INFO] [stderr]    Compiling unicode-ident v1.0.5
[INFO] [stderr]    Compiling serde_derive v1.0.147
[INFO] [stderr]    Compiling quote v1.0.21
[INFO] [stderr]    Compiling serde v1.0.147
[INFO] [stderr]    Compiling num-traits v0.2.15
[INFO] [stderr]     Checking tinyvec_macros v0.1.0
[INFO] [stderr]     Checking tinyvec v1.6.0
[INFO] [stderr]     Checking aho-corasick v0.7.19
[INFO] [stderr]     Checking regex-syntax v0.6.28
[INFO] [stderr]     Checking unicode-bidi v0.3.8
[INFO] [stderr]    Compiling serde_json v1.0.87
[INFO] [stderr]    Compiling indexmap v1.9.1
[INFO] [stderr]    Compiling num-integer v0.1.45
[INFO] [stderr]     Checking percent-encoding v2.2.0
[INFO] [stderr]     Checking unicode-normalization v0.1.22
[INFO] [stderr]     Checking getrandom v0.2.8
[INFO] [stderr]     Checking itoa v1.0.4
[INFO] [stderr]     Checking ryu v1.0.11
[INFO] [stderr]     Checking form_urlencoded v1.1.0
[INFO] [stderr]     Checking dirs-sys v0.3.7
[INFO] [stderr]     Checking atty v0.2.14
[INFO] [stderr]     Checking matches v0.1.9
[INFO] [stderr]     Checking os_str_bytes v6.3.1
[INFO] [stderr]     Checking termcolor v1.1.3
[INFO] [stderr]    Compiling heck v0.4.0
[INFO] [stderr]    Compiling proc-macro-error-attr v1.0.4
[INFO] [stderr]     Checking clap_lex v0.2.4
[INFO] [stderr]     Checking idna v0.3.0
[INFO] [stderr]     Checking idna v0.2.3
[INFO] [stderr]     Checking directories v4.0.1
[INFO] [stderr]     Checking cluFlock v1.2.7
[INFO] [stderr]     Checking time v0.1.44
[INFO] [stderr]     Checking once_cell v1.16.0
[INFO] [stderr]     Checking url v2.3.1
[INFO] [stderr]     Checking strsim v0.10.0
[INFO] [stderr]     Checking iana-time-zone v0.1.53
[INFO] [stderr]     Checking remove_dir_all v0.5.3
[INFO] [stderr]     Checking textwrap v0.16.0
[INFO] [stderr]     Checking fastrand v1.8.0
[INFO] [stderr]    Compiling log v0.4.17
[INFO] [stderr]     Checking rand_core v0.6.4
[INFO] [stderr]     Checking either v1.8.0
[INFO] [stderr]     Checking tempfile v3.3.0
[INFO] [stderr]     Checking regex v1.7.0
[INFO] [stderr]     Checking humantime v2.1.0
[INFO] [stderr]     Checking predicates-core v1.0.4
[INFO] [stderr]     Checking itertools v0.10.5
[INFO] [stderr]     Checking rand_chacha v0.3.1
[INFO] [stderr]     Checking float-cmp v0.9.0
[INFO] [stderr]     Checking termtree v0.4.0
[INFO] [stderr]     Checking normalize-line-endings v0.3.0
[INFO] [stderr]     Checking difflib v0.4.0
[INFO] [stderr]     Checking fragile v2.0.0
[INFO] [stderr]     Checking predicates-tree v1.0.6
[INFO] [stderr]     Checking rand v0.8.5
[INFO] [stderr]     Checking downcast v0.11.0
[INFO] [stderr]     Checking env_logger v0.9.3
[INFO] [stderr]     Checking fake v2.5.0
[INFO] [stderr]     Checking predicates v2.1.2
[INFO] [stderr]     Checking validator_types v0.14.0
[INFO] [stderr]    Compiling proc-macro-error v1.0.4
[INFO] [stderr]    Compiling derivative v2.2.0
[INFO] [stderr]    Compiling clap_derive v3.2.18
[INFO] [stderr]    Compiling mockall_derive v0.11.3
[INFO] [stderr]     Checking clap v3.2.23
[INFO] [stderr]     Checking mockall v0.11.3
[INFO] [stderr]     Checking uuid v1.2.1
[INFO] [stderr]     Checking chrono v0.4.22
[INFO] [stderr]     Checking uuid v0.8.2
[INFO] [stderr]     Checking validator v0.14.0
[INFO] [stderr]     Checking settings_manager v0.0.2
[INFO] [stderr]     Checking thot-core v0.10.0-intermediate
[INFO] [stderr]     Checking thot-local v0.10.0-intermediate
[INFO] [stderr]     Checking thot-cli v0.10.0-intermediate (/opt/rustwide/workdir)
[INFO] [stdout] warning: unused import: `crate::types::ResourcePathType`
[INFO] [stdout]  --> src/commands/project/mod.rs:2:5
[INFO] [stdout]   |
[INFO] [stdout] 2 | use crate::types::ResourcePathType;
[INFO] [stdout]   |     ^^^^^^^^^^^^^^^^^^^^^^^^^^^^^^
[INFO] [stdout]   |
[INFO] [stdout]   = note: `#[warn(unused_imports)]` on by default
[INFO] [stdout] 
[INFO] [stdout] 
[INFO] [stdout] error[E0433]: failed to resolve: could not find `settings` in `system`
[INFO] [stdout]  --> src/commands/config/./commands_test.rs:8:24
[INFO] [stdout]   |
[INFO] [stdout] 8 | use thot_core::system::settings::user_settings::UserSettings;
[INFO] [stdout]   |                        ^^^^^^^^ could not find `settings` in `system`
[INFO] [stdout] 
[INFO] [stdout] 
[INFO] [stdout] error[E0433]: failed to resolve: could not find `resources` in `system`
[INFO] [stdout]  --> src/commands/config/./commands_test.rs:9:24
[INFO] [stdout]   |
[INFO] [stdout] 9 | use thot_core::system::resources::{user::User, user_id::UserId};
[INFO] [stdout]   |                        ^^^^^^^^^ could not find `resources` in `system`
[INFO] [stdout] 
[INFO] [stdout] 
[INFO] [stdout] error[E0432]: unresolved import `thot_core::system::users`
[INFO] [stdout]  --> src/commands/config/./commands_test.rs:3:5
[INFO] [stdout]   |
[INFO] [stdout] 3 | use thot_core::system::users;
[INFO] [stdout]   |     ^^^^^^^^^^^^^^^^^^^^^^^^ no `users` in `system`
[INFO] [stdout]   |
[INFO] [stdout] help: a similar name exists in the module
[INFO] [stdout]   |
[INFO] [stdout] 3 | use thot_core::system::user;
[INFO] [stdout]   |                        ~~~~
[INFO] [stdout] help: consider importing one of these items instead
[INFO] [stdout]   |
[INFO] [stdout] 3 | use crate::commands::config::commands::users;
[INFO] [stdout]   |     ~~~~~~~~~~~~~~~~~~~~~~~~~~~~~~~~~~~~~~~~
[INFO] [stdout] 3 | use thot_local::system::collections::users;
[INFO] [stdout]   |     ~~~~~~~~~~~~~~~~~~~~~~~~~~~~~~~~~~~~~~
[INFO] [stdout] 3 | use thot_local::system::users;
[INFO] [stdout]   |     ~~~~~~~~~~~~~~~~~~~~~~~~~
[INFO] [stdout] 
[INFO] [stdout] 
[INFO] [stdout] error[E0432]: unresolved import `super::super::InitAgs`
[INFO] [stdout]  --> src/commands/container/./commands_test.rs:1:20
[INFO] [stdout]   |
[INFO] [stdout] 1 | use super::super::{InitAgs, NewArgs};
[INFO] [stdout]   |                    ^^^^^^^
[INFO] [stdout]   |                    |
[INFO] [stdout]   |                    no `InitAgs` in `commands::container`
[INFO] [stdout]   |                    help: a similar name exists in the module: `InitArgs`
[INFO] [stdout] 
[INFO] [stdout] 
[INFO] [stdout] warning: unused import: `settings_manager::prelude::SystemSettings`
[INFO] [stdout]  --> src/commands/config/./commands_test.rs:7:5
[INFO] [stdout]   |
[INFO] [stdout] 7 | use settings_manager::prelude::SystemSettings;
[INFO] [stdout]   |     ^^^^^^^^^^^^^^^^^^^^^^^^^^^^^^^^^^^^^^^^^
[INFO] [stdout]   |
[INFO] [stdout]   = note: `#[warn(unused_imports)]` on by default
[INFO] [stdout] 
[INFO] [stdout] 
[INFO] [stdout] warning: unused import: `NewArgs`
[INFO] [stdout]  --> src/commands/container/./commands_test.rs:1:29
[INFO] [stdout]   |
[INFO] [stdout] 1 | use super::super::{InitAgs, NewArgs};
[INFO] [stdout]   |                             ^^^^^^^
[INFO] [stdout] 
[INFO] [stdout] 
[INFO] [stdout] warning: unused import: `super::*`
[INFO] [stdout]  --> src/commands/container/./commands_test.rs:2:5
[INFO] [stdout]   |
[INFO] [stdout] 2 | use super::*;
[INFO] [stdout]   |     ^^^^^^^^
[INFO] [stdout] 
[INFO] [stdout] 
[INFO] [stdout] warning: unused import: `crate::types::ResourcePathType`
[INFO] [stdout]  --> src/commands/project/mod.rs:2:5
[INFO] [stdout]   |
[INFO] [stdout] 2 | use crate::types::ResourcePathType;
[INFO] [stdout]   |     ^^^^^^^^^^^^^^^^^^^^^^^^^^^^^^
[INFO] [stdout] 
[INFO] [stdout] 
[INFO] [stdout] warning: unused import: `super::*`
[INFO] [stdout]  --> src/commands/project/./init_test.rs:1:5
[INFO] [stdout]   |
[INFO] [stdout] 1 | use super::*;
[INFO] [stdout]   |     ^^^^^^^^
[INFO] [stdout] 
[INFO] [stdout] 
[INFO] [stdout] warning: unused import: `super::*`
[INFO] [stdout]  --> src/commands/user/./commands_test.rs:1:5
[INFO] [stdout]   |
[INFO] [stdout] 1 | use super::*;
[INFO] [stdout]   |     ^^^^^^^^
[INFO] [stdout] 
[INFO] [stdout] 
[INFO] [stdout] warning: unreachable expression
[INFO] [stdout]  --> src/commands/remote/mod.rs:6:5
[INFO] [stdout]   |
[INFO] [stdout] 5 |     todo!();
[INFO] [stdout]   |     ------- any code following this expression is unreachable
[INFO] [stdout] 6 |     Ok(())
[INFO] [stdout]   |     ^^^^^^ unreachable expression
[INFO] [stdout]   |
[INFO] [stdout]   = note: `#[warn(unreachable_code)]` on by default
[INFO] [stdout] 
[INFO] [stdout] 
[INFO] [stdout] warning: unreachable expression
[INFO] [stdout]  --> src/commands/remote/mod.rs:6:5
[INFO] [stdout]   |
[INFO] [stdout] 5 |     todo!();
[INFO] [stdout]   |     ------- any code following this expression is unreachable
[INFO] [stdout] 6 |     Ok(())
[INFO] [stdout]   |     ^^^^^^ unreachable expression
[INFO] [stdout]   |
[INFO] [stdout]   = note: `#[warn(unreachable_code)]` on by default
[INFO] [stdout] 
[INFO] [stdout] 
[INFO] [stdout] warning: unused variable: `args`
[INFO] [stdout]  --> src/commands/run.rs:7:13
[INFO] [stdout]   |
[INFO] [stdout] 7 | pub fn main(args: RunArgs, verbose: bool) -> Result {
[INFO] [stdout]   |             ^^^^ help: if this is intentional, prefix it with an underscore: `_args`
[INFO] [stdout]   |
[INFO] [stdout]   = note: `#[warn(unused_variables)]` on by default
[INFO] [stdout] 
[INFO] [stdout] 
[INFO] [stdout] warning: unused variable: `verbose`
[INFO] [stdout]  --> src/commands/run.rs:7:28
[INFO] [stdout]   |
[INFO] [stdout] 7 | pub fn main(args: RunArgs, verbose: bool) -> Result {
[INFO] [stdout]   |                            ^^^^^^^ help: if this is intentional, prefix it with an underscore: `_verbose`
[INFO] [stdout] 
[INFO] [stdout] 
[INFO] [stdout] warning: unused variable: `verbose`
[INFO] [stdout]  --> src/commands/config/mod.rs:8:31
[INFO] [stdout]   |
[INFO] [stdout] 8 | pub fn main(args: ConfigArgs, verbose: bool) -> Result {
[INFO] [stdout]   |                               ^^^^^^^ help: if this is intentional, prefix it with an underscore: `_verbose`
[INFO] [stdout] 
[INFO] [stdout] 
[INFO] [stdout] error[E0599]: no variant or associated item named `ThotError` found for enum `result::Error` in the current scope
[INFO] [stdout]   --> src/./result_test.rs:49:36
[INFO] [stdout]    |
[INFO] [stdout] 49 |     assert!(matches!(c_err, Error::ThotError(_)));
[INFO] [stdout]    |                                    ^^^^^^^^^
[INFO] [stdout]    |                                    |
[INFO] [stdout]    |                                    variant or associated item not found in `Error`
[INFO] [stdout]    |                                    help: there is a variant with a similar name: `IoError`
[INFO] [stdout]    |
[INFO] [stdout]   ::: src/result.rs:11:1
[INFO] [stdout]    |
[INFO] [stdout] 11 | pub enum Error {
[INFO] [stdout]    | -------------- variant or associated item `ThotError` not found for this enum
[INFO] [stdout] 
[INFO] [stdout] 
[INFO] [stdout] error: aborting due to 5 previous errors; 7 warnings emitted
[INFO] [stdout] 
[INFO] [stdout] 
[INFO] [stdout] Some errors have detailed explanations: E0432, E0433, E0599.
[INFO] [stdout] 
[INFO] [stdout] For more information about an error, try `rustc --explain E0432`.
[INFO] [stdout] 
[INFO] [stderr] error: could not compile `thot-cli` (lib test) due to 6 previous errors; 7 warnings emitted
[INFO] [stderr] warning: build failed, waiting for other jobs to finish...
[INFO] [stdout] warning: unused variable: `args`
[INFO] [stdout]  --> src/commands/remote/mod.rs:4:13
[INFO] [stdout]   |
[INFO] [stdout] 4 | pub fn main(args: RemoteArgs, verbose: bool) -> Result<()> {
[INFO] [stdout]   |             ^^^^ help: if this is intentional, prefix it with an underscore: `_args`
[INFO] [stdout] 
[INFO] [stdout] 
[INFO] [stdout] warning: unused variable: `verbose`
[INFO] [stdout]  --> src/commands/remote/mod.rs:4:31
[INFO] [stdout]   |
[INFO] [stdout] 4 | pub fn main(args: RemoteArgs, verbose: bool) -> Result<()> {
[INFO] [stdout]   |                               ^^^^^^^ help: if this is intentional, prefix it with an underscore: `_verbose`
[INFO] [stdout] 
[INFO] [stdout] 
[INFO] [stdout] warning: 7 warnings emitted
[INFO] [stdout] 
[INFO] [stdout] 
[INFO] running `Command { std: "docker" "inspect" "2b351418dc1104bcc98c97498ef3268c6affed7fb0e95d7b6733d0a3861601e7", kill_on_drop: false }`
[INFO] running `Command { std: "docker" "rm" "-f" "2b351418dc1104bcc98c97498ef3268c6affed7fb0e95d7b6733d0a3861601e7", kill_on_drop: false }`
[INFO] [stdout] 2b351418dc1104bcc98c97498ef3268c6affed7fb0e95d7b6733d0a3861601e7
